r?
True
Let m = 29 + -25. Suppose -w = -0*c - c - 4, -m*w - 4 = c. Is 499 + 0/((w - 1)/1) a composite number?
False
Let t = 9792 - -5101. Is t prime?
False
Suppose 3*w - 35 = 4*p, 5*w = -4*p - p. Suppose w*x - x = 0. Let v(m) = -2*m**3 + m**2 + 2*m + 449. Is v(x) a prime number?
True
Let h = 11384 + -1137. Suppose -4*x + h = i, 0*i - i - 10241 = -4*x. Is x a prime number?
False
Let h(g) = -20*g - 8. Let j be h(-5). Let v = -107 + j. Let p(q) = q**3 + 16*q**2 - q + 11. Is p(v) a composite number?
False
Is 24/((-528)/(-3828814)) + 0 a prime number?
False
Let w(r) = -r**3 - 8*r**2 + 79*r + 19. Is w(-26) a prime number?
True
Let g be 1/(-2)*(-5)/((-15)/(-18)). Suppose -3*q + 6858 = 3*m, q = 3*m + g*q - 6863. Suppose 5*z - 2*f = f + 11416, -2*f + m = z. Is z prime?
False
Suppose -17*d + 1108668 = -261923. Is d composite?
True
Is 190 + -187 - 3940*-1 prime?
True
Suppose 12*l + 20*l = 0. Suppose l = -3*n + 6895 + 104. Is n prime?
True
Let a(q) = 330*q**2 + 63*q + 607. Is a(-12) a composite number?
True
Let t(w) be the second derivative of 85/6*w**3 - 8*w**2 + 0 - 5*w. Is t(11) composite?
False
Let m be -4 - 0 - (-42 - 20). Suppose 60*o = m*o + 14258. Is o a composite number?
False
Suppose 0 = -4*w + 2*t + 136794, -4*w = -127*t + 129*t - 136798. Is w a prime number?
False
Let m = -19656 + 13451. Let g = -2114 - m. Is g composite?
False
Let u = 18 + -2. Suppose 4*f + 516 - u = 0. Is 4 + -38*f/10 prime?
True
Let y(w) = 20*w - 54. Let z be y(-6). Is 1/((-1715)/(-10254) - (-29)/z) a prime number?
True
Let s be (-290)/87*(-293088)/10. Suppose -14*b + s + 28626 = 0. Is b a prime number?
False
Let a(s) = -s**3 + 3*s**2 + 4*s + 1. Let o be a(-2). Let k be 2*(o/6 - (-2)/(-3)). Suppose 0 = -x + 4*x - 2*d - 1913, -1903 = -k*x + 4*d. Is x prime?
True
Let m(g) = -621338*g**3 + 38*g**2 + 37*g - 2. Is m(-1) prime?
True
Suppose 0 = 2*a - 3*l - 27082, -4*l = -4*a - 2*l + 54164. Suppose -17138 = -11*u + a. Is u prime?
True
Suppose 0*z = 5*p + 5*z + 5, 3*z + 35 = 5*p. Suppose 0 = 17*v - p*v - 22867. Is v a composite number?
False
Let p be ((-3)/(-2))/((-10)/(-60)). Suppose 0 = -4*j - 4*s + 10904, 5*j + 12*s - p*s - 13620 = 0. Is j prime?
False
Let r(a) = 972*a**2 - a + 4. Let c(f) = -f**3 + 5*f**2 - 7*f + 9. Let z be c(4). Let b be r(z). Suppose -7*v - 3050 = -b. Is v prime?
False
Suppose 32*r - 31*r = -3*c - 16, 0 = r + 1. Let d(m) = 4*m + 42. Is d(c) a composite number?
True
Let w be (-6)/(-16) - (-5 - (-47763)/72). Let o = -317 - w. Is o prime?
False
Let l be (1 - -7)/(-2*5/10). Let y(j) = -190*j - 20. Let c be y(l). Suppose -2*m + 5*m - 1129 = 4*v, 4*m - 4*v = c. Is m a composite number?
True
Let x = 223 + -217. Let v = -19 + 5. Is 16332/(-4)*(v/x + 2) composite?
False
Suppose 0 = 15*x + 3*x - 533965 - 2035229. Is x composite?
False
Suppose 0 = 29*r + 2*p - 7442005, -2*r = 2*p - 373626 - 139612. Is r a prime number?
False
Let u be (-1)/9*-268 - (-8)/36. Let p be (-156)/(-10) + 2/(u/(-9)). Suppose p*v - 6687 = 6*v. Is v prime?
True
Let q = -60 - -97. Let s = -185 + 189. Suppose -q = s*m - 1089. Is m composite?
False
Suppose 0 = -2*v + 8 + 108. Suppose -v*o + 51*o = -19831. Is o a prime number?
True
Let b(w) = 3*w + 52. Suppose 36 = -2*m - 0*m. Let v be b(m). Let j = 8 + v. Is j a prime number?
False
Let v(j) = 22207*j + 454. Is v(7) a composite number?
True
Let s(g) = 82*g**2 - g - 1. Suppose 4*w + 12 = 0, w - 7 = -7*j + 2*j. Let u be 8/((-8)/j)*1/2. Is s(u) composite?
True
Suppose 5*q = 2*g + 288077, -q - 230480 = -5*q - 3*g. Is q a prime number?
False
Suppose 0 = 4*l + 4*d + 400, 3*d = -2*l + 7*l + 532. Let w = l - -1477. Is w a prime number?
True
Let d(z) = 10464*z**2 - 10*z + 4. Let n be d(22). Is n/245 - (0 + (-2)/14) a prime number?
False
Let j(o) = o**2 - 2*o - 4. Let y(r) = r**3 - r**2 - 4*r - 1. Let n be y(3). Let v be j(n). Let l(s) = s**2 - 10*s + 24. Is l(v) a prime number?
False
Let d(s) = 5*s**2 - 5*s + 26. Let z be d(-18). Let f = 593 + z. Is f prime?
False
Let m be 165/(-11) + (-1)/1. Let b be 2*2/(m/(-52)). Let k(h) = h**3 - 4*h**2 + h + 1. Is k(b) prime?
False
Suppose -2*u - 2*g = -43 + 15, -4*u + 3*g = -70. Suppose 489 = 3*z - 5*l, -u*z + l = -21*z + 815. Is z composite?
False
Suppose 63*l - 72*l = -135234. Suppose -2*u - 15246 = -5*g + 9776, -3*g - 2*u + l = 0. Is g a composite number?
True
Let h(j) = -8*j**3 - 11*j**2 - 23*j - 123. Is h(-8) a prime number?
False
Let l(b) = b**2 - 23*b - 24. Let j(d) = 23*d**2 + 1. Let s be j(-1). Let y be l(s). Suppose 4 = -5*x + 3*i + 24, y = 2*i - 10. Is x a composite number?
False
Is ((-279266720)/28)/(-20) - 11 - (-4)/(-7) composite?
False
Let v = -46 - -50. Suppose v*x = m - 17, -2*x - 12 = x. Is 63 + m/(3/(-12)) composite?
False
Suppose f - 103 = 142. Suppose -109596 = f*g - 257*g. Is g a composite number?
False
Let j = 529 - 537. Is 4/j*-16118*(-3)/(-3) composite?
False
Let b(j) = j**2 + 16*j - 21. Let c be b(-18). Suppose -169 = 2*y - c*y. Suppose -3495 + 16729 = y*f. Is f a composite number?
True
Let b be 108/(-45)*(-7260)/9. Let p = b + 1713. Is p a prime number?
False
Let q = 280798 + -199955. Is q a prime number?
False
Suppose -96355 = 104*c - 119*c + 66260. Is c a composite number?
True
Let k(o) = 298*o**2 - 21*o + 120. Let s be k(7). Suppose 2*l - 1411 = s. Is l prime?
True
Suppose 5*x = -0*x - 5*n - 7455, -5*n = -4*x - 5991. Let s = x - -3383. Is s a composite number?
False
Let r(u) = -10*u - 4*u**2 - 5 + 5*u**3 + 15*u**3 + 0*u**3 + 14*u**3 - 8*u**3. Is r(6) a composite number?
False
Let k(i) = 894*i**2 + 8*i - 47. Is k(5) prime?
True
Suppose 19408428 = 57*g + 163*g - 82118272. Is g composite?
True
Let n(r) = -r + 15. Let v be n(12). Suppose -v*h - 36 + 30 = 0. Is -1*((-2222)/33)/(h/(-21)) composite?
True
Let s(y) be the third derivative of 83*y**4/8 - 85*y**3/3 - 9*y**2. Is s(19) composite?
False
Let w be 1436 + 18/(6/(-1)). Let g = 3612 - w. Is g prime?
True
Suppose -3*x = -p - 1, p = 7*x - 8*x - 1. Suppose x = -2*r - 4, 0 = -0*w - 3*w + r + 4085. Is w composite?
False
Let m(f) = 564*f**2 - 62*f + 1059. Is m(35) a composite number?
False
Let u = 299778 + -199537. Suppose -u + 6902 = -27*g. Is g a prime number?
True
Is -24 + 3533910/450 + ((-4)/30)/1 composite?
False
Suppose -188*b + 6*b + 53254474 = 0. Is b prime?
False
Let w be 2 + 0 - (-3 + 417). Let n = w - -903. Is n composite?
False
Let h(i) = -20*i + 42. Let j be h(-3). Is -3 + (j/8)/(9/60) prime?
False
Suppose 38 = 7*p + 45. Is (-3)/2*p + (-257425)/(-70) a prime number?
False
Suppose 4*p + 42 = 18*p. Let l be (-6)/(1 - 4) + p. Suppose w + l*x - 129 = 140, -2*w - 5*x + 528 = 0. Is w a prime number?
False
Suppose 2*r + 260200 = 2*y, 3*y = 7*y + 2*r - 520382. Is y a prime number?
False
Let a = 208896 - 120329. Is a a prime number?
False
Let o = 1 - -19. Let z = o + -20. Suppose z = -51*c + 50*c + 106. Is c composite?
True
Let t = -146155 + 249941. Is t a composite number?
True
Is (-1 - -7213) + 16/(304/133) a composite number?
False
Let u = -152588 + 283165. Is u prime?
False
Let z be -79*(-2 - -14) - (4 - 3). Let b = 2536 + z. Suppose 4*n - b - 297 = 0. Is n a prime number?
False
Let n be (-2)/((-12)/(-3) - (-312)/(-76)). Suppose 0 = n*g - 21*g + 76. Is (222/(-1) - 1)/(g/(-38)) prime?
True
Let i be (2 - -851)*(-21 + 55). Let k = i - 19401. Is k prime?
True
Is 27/6*(-5386246)/(-153) a prime number?
True
Let r(q) = 14*q**2 + 15*q + 10. Let x(b) = 7*b**2 + 8*b + 5. Let d(l) = -2*r(l) + 5*x(l). Let h be d(-4). Is (-11154)/(-14) + 22/h a composite number?
False
Let i be ((-1977)/2)/((-63)/(-252)). Let r = 6767 + i. Is r a prime number?
False
Let w = -1538 + -900. Let q = -1693 - w. Is q composite?
True
Suppose 1485008 = 3*d - 3*u - 431269, -4*d - 5*u = -2555108. Is d prime?
True
Let k = 271950 - -246913. Is k composite?
False
Let w = 207 - 202. Suppose 3*a + 31591 = -w*k + 10*k, 3*k - 4*a - 18959 = 0. Is k composite?
False
Let k be 27/6 + 4/8*-1. Suppose 5*p - 21530 = 3*p. Suppose k*a + p = 9*a. Is a composite?
False
Let u = 7027 - -39622. Is u a prime number?
True
Let t(h) = 31*h**2 + 11*h + 22. Let w be t(-7). Suppose -23*i + w = -21*i. Let j = i - 97. Is j a prime number?
False
Is (6 - (5 - 1))/((-24)/(-105636)) prime?
True
Let c be (2/3)/(6/7893). Suppose -3*t = r - 2*r - 2611, t = 2*r + c. Suppose 2*d - 1177 = -3*v, -3*d - t = -2*v - 80